{"id":7968,"date":"2020-04-11T08:36:29","date_gmt":"2020-04-11T08:36:29","guid":{"rendered":"https:\/\/themesgavias.com\/wp\/indutri\/?page_id=7968"},"modified":"2021-02-11T19:41:15","modified_gmt":"2021-02-11T19:41:15","slug":"blog","status":"publish","type":"page","link":"https:\/\/conexaocontabilbetim.com.br\/?page_id=7968","title":{"rendered":"Blog"},"content":{"rendered":"\t\t<div data-elementor-type=\"wp-page\" data-elementor-id=\"7968\" class=\"elementor elementor-7968\" data-elementor-settings=\"[]\">\n\t\t\t\t\t\t<div class=\"elementor-inner\">\n\t\t\t\t\t\t\t<div class=\"elementor-section-wrap\">\n\t\t\t\t\t\t\t<section class=\"elementor-section elementor-top-section elementor-element elementor-element-adc65de elementor-section-boxed elementor-section-height-default elementor-section-height-default\" data-id=\"adc65de\" data-element_type=\"section\">\n\t\t\t\t\t\t<div class=\"elementor-container elementor-column-gap-default\">\n\t\t\t\t\t\t\t<div class=\"elementor-row\">\n\t\t\t\t\t<div class=\"elementor-column elementor-col-100 elementor-top-column elementor-element elementor-element-474e27b top column-style-top\" data-id=\"474e27b\" data-element_type=\"column\">\n\t\t\t<div class=\"elementor-column-wrap elementor-element-populated\">\n\t\t\t\t\t\t\t<div class=\"elementor-widget-wrap\">\n\t\t\t\t\t\t<div class=\"elementor-element elementor-element-a83bab2 elementor-widget elementor-widget-gva-posts\" data-id=\"a83bab2\" data-element_type=\"widget\" data-widget_type=\"gva-posts.default\">\n\t\t\t\t<div class=\"elementor-widget-container\">\n\t\t\t<div class=\"gva-element-gva-posts gva-element\">  \r\n  <div class=\"gva-posts-grid clearfix gva-posts\">\r\n      <div class=\"gva-content-items\"> \r\n        <div class=\"lg-block-grid-3 md-block-grid-3 sm-block-grid-2 xs-block-grid-1 xx-block-grid-1\">\r\n          \r\n<div class=\"all prestacao-de-contas  item-columns\">\r\n   <article id=\"post-11157\" class=\"post-11157 post type-post status-publish format-standard has-post-thumbnail hentry category-prestacao-de-contas tag-conexao-contabil tag-prestacao-de-contas tag-projetos\">\r\n      <div class=\"post-block post-style-1\">\r\n         <div class=\"post-thumbnail\">\r\n            <a href=\"https:\/\/conexaocontabilbetim.com.br\/?p=11157\">\r\n               <img loading=\"lazy\" decoding=\"async\" width=\"600\" height=\"455\" src=\"https:\/\/conexaocontabilbetim.com.br\/wp-content\/uploads\/2026\/04\/revise-antes-de-enviar-600x455.jpg\" class=\"attachment-post-thumbnail size-post-thumbnail wp-post-image\" alt=\"Presta\u00e7\u00e3o de contas de projetos\" \/>            <\/a>   \r\n         <\/div>   \r\n\r\n         <div class=\"entry-content\">\r\n            <div class=\"content-inner\">\r\n               <div class=\"entry-meta\">\r\n                  \r\n    <div class=\"meta-inline\"><span class=\"entry-date\">Abril 14, 2026<\/span><\/div>               <\/div> \r\n               <h2 class=\"entry-title\"><a href=\"https:\/\/conexaocontabilbetim.com.br\/?p=11157\" rel=\"bookmark\">Presta\u00e7\u00e3o de contas de projetos<\/a><\/h2>\r\n            <\/div>\r\n         <\/div>\r\n      <\/div>   \r\n   <\/article>   \r\n<\/div>\r\n\r\n  \r\n<div class=\"all prestacao-de-contas  item-columns\">\r\n   <article id=\"post-11153\" class=\"post-11153 post type-post status-publish format-standard has-post-thumbnail hentry category-prestacao-de-contas tag-conexao-contabil tag-prestacao-de-contas tag-projetos\">\r\n      <div class=\"post-block post-style-1\">\r\n         <div class=\"post-thumbnail\">\r\n            <a href=\"https:\/\/conexaocontabilbetim.com.br\/?p=11153\">\r\n               <img loading=\"lazy\" decoding=\"async\" width=\"600\" height=\"455\" src=\"https:\/\/conexaocontabilbetim.com.br\/wp-content\/uploads\/2026\/04\/prestacao-de-contas-de-projetos-600x455.jpg\" class=\"attachment-post-thumbnail size-post-thumbnail wp-post-image\" alt=\"Presta\u00e7\u00e3o de Contas de Projetos\" \/>            <\/a>   \r\n         <\/div>   \r\n\r\n         <div class=\"entry-content\">\r\n            <div class=\"content-inner\">\r\n               <div class=\"entry-meta\">\r\n                  \r\n    <div class=\"meta-inline\"><span class=\"entry-date\">Abril 1, 2026<\/span><\/div>               <\/div> \r\n               <h2 class=\"entry-title\"><a href=\"https:\/\/conexaocontabilbetim.com.br\/?p=11153\" rel=\"bookmark\">Presta\u00e7\u00e3o de Contas de Projetos<\/a><\/h2>\r\n            <\/div>\r\n         <\/div>\r\n      <\/div>   \r\n   <\/article>   \r\n<\/div>\r\n\r\n  \r\n<div class=\"all contabilidade  item-columns\">\r\n   <article id=\"post-11149\" class=\"post-11149 post type-post status-publish format-standard has-post-thumbnail hentry category-contabilidade tag-conexao-contabil tag-contabilidade tag-receita-federal\">\r\n      <div class=\"post-block post-style-1\">\r\n         <div class=\"post-thumbnail\">\r\n            <a href=\"https:\/\/conexaocontabilbetim.com.br\/?p=11149\">\r\n               <img loading=\"lazy\" decoding=\"async\" width=\"600\" height=\"455\" src=\"https:\/\/conexaocontabilbetim.com.br\/wp-content\/uploads\/2026\/03\/regularizacao-de-obra-na-receita-federal-600x455.jpg\" class=\"attachment-post-thumbnail size-post-thumbnail wp-post-image\" alt=\"Regularixa\u00e7\u00e3o de obra na Receita Federa: Voc\u00ea sabe o por que \u00e9 t\u00e3o importante?\" \/>            <\/a>   \r\n         <\/div>   \r\n\r\n         <div class=\"entry-content\">\r\n            <div class=\"content-inner\">\r\n               <div class=\"entry-meta\">\r\n                  \r\n    <div class=\"meta-inline\"><span class=\"entry-date\">Mar\u00e7o 18, 2026<\/span><\/div>               <\/div> \r\n               <h2 class=\"entry-title\"><a href=\"https:\/\/conexaocontabilbetim.com.br\/?p=11149\" rel=\"bookmark\">Regularixa\u00e7\u00e3o de obra na Receita Federa: Voc\u00ea sabe o por que \u00e9 t\u00e3o importante?<\/a><\/h2>\r\n            <\/div>\r\n         <\/div>\r\n      <\/div>   \r\n   <\/article>   \r\n<\/div>\r\n\r\n  \r\n<div class=\"all fiscal  item-columns\">\r\n   <article id=\"post-11143\" class=\"post-11143 post type-post status-publish format-standard has-post-thumbnail hentry category-fiscal tag-conexao-contabil tag-recurso-publico tag-seguranca-fiscal\">\r\n      <div class=\"post-block post-style-1\">\r\n         <div class=\"post-thumbnail\">\r\n            <a href=\"https:\/\/conexaocontabilbetim.com.br\/?p=11143\">\r\n               <img loading=\"lazy\" decoding=\"async\" width=\"600\" height=\"455\" src=\"https:\/\/conexaocontabilbetim.com.br\/wp-content\/uploads\/2026\/03\/recebeu-recurso-publico-600x455.jpg\" class=\"attachment-post-thumbnail size-post-thumbnail wp-post-image\" alt=\"Recebeu recurso p\u00fablico?\" \/>            <\/a>   \r\n         <\/div>   \r\n\r\n         <div class=\"entry-content\">\r\n            <div class=\"content-inner\">\r\n               <div class=\"entry-meta\">\r\n                  \r\n    <div class=\"meta-inline\"><span class=\"entry-date\">Mar\u00e7o 3, 2026<\/span><\/div>               <\/div> \r\n               <h2 class=\"entry-title\"><a href=\"https:\/\/conexaocontabilbetim.com.br\/?p=11143\" rel=\"bookmark\">Recebeu recurso p\u00fablico?<\/a><\/h2>\r\n            <\/div>\r\n         <\/div>\r\n      <\/div>   \r\n   <\/article>   \r\n<\/div>\r\n\r\n  \r\n<div class=\"all fiscal  item-columns\">\r\n   <article id=\"post-11139\" class=\"post-11139 post type-post status-publish format-standard has-post-thumbnail hentry category-fiscal tag-comprovacao tag-conexao-contabil tag-fiscal\">\r\n      <div class=\"post-block post-style-1\">\r\n         <div class=\"post-thumbnail\">\r\n            <a href=\"https:\/\/conexaocontabilbetim.com.br\/?p=11139\">\r\n               <img loading=\"lazy\" decoding=\"async\" width=\"600\" height=\"455\" src=\"https:\/\/conexaocontabilbetim.com.br\/wp-content\/uploads\/2026\/03\/projeto-municipal-estudal-ou-federal-600x455.jpg\" class=\"attachment-post-thumbnail size-post-thumbnail wp-post-image\" alt=\"Projeto municipal, estadual ou federal exige comprova\u00e7\u00e3o rigorosa de gastos\" \/>            <\/a>   \r\n         <\/div>   \r\n\r\n         <div class=\"entry-content\">\r\n            <div class=\"content-inner\">\r\n               <div class=\"entry-meta\">\r\n                  \r\n    <div class=\"meta-inline\"><span class=\"entry-date\">Fevereiro 27, 2026<\/span><\/div>               <\/div> \r\n               <h2 class=\"entry-title\"><a href=\"https:\/\/conexaocontabilbetim.com.br\/?p=11139\" rel=\"bookmark\">Projeto municipal, estadual ou federal exige comprova\u00e7\u00e3o rigorosa de gastos<\/a><\/h2>\r\n            <\/div>\r\n         <\/div>\r\n      <\/div>   \r\n   <\/article>   \r\n<\/div>\r\n\r\n  \r\n<div class=\"all incorporacao-imobiliaria  item-columns\">\r\n   <article id=\"post-11136\" class=\"post-11136 post type-post status-publish format-standard has-post-thumbnail hentry category-incorporacao-imobiliaria tag-conexao-contabil tag-incorporacao-imobiliaria-registro\">\r\n      <div class=\"post-block post-style-1\">\r\n         <div class=\"post-thumbnail\">\r\n            <a href=\"https:\/\/conexaocontabilbetim.com.br\/?p=11136\">\r\n               <img loading=\"lazy\" decoding=\"async\" width=\"600\" height=\"455\" src=\"https:\/\/conexaocontabilbetim.com.br\/wp-content\/uploads\/2026\/03\/registro-de-incorporacao-600x455.jpg\" class=\"attachment-post-thumbnail size-post-thumbnail wp-post-image\" alt=\"Registro de incorpora\u00e7\u00e3o imobili\u00e1ria\" \/>            <\/a>   \r\n         <\/div>   \r\n\r\n         <div class=\"entry-content\">\r\n            <div class=\"content-inner\">\r\n               <div class=\"entry-meta\">\r\n                  \r\n    <div class=\"meta-inline\"><span class=\"entry-date\">Fevereiro 10, 2026<\/span><\/div>               <\/div> \r\n               <h2 class=\"entry-title\"><a href=\"https:\/\/conexaocontabilbetim.com.br\/?p=11136\" rel=\"bookmark\">Registro de incorpora\u00e7\u00e3o imobili\u00e1ria<\/a><\/h2>\r\n            <\/div>\r\n         <\/div>\r\n      <\/div>   \r\n   <\/article>   \r\n<\/div>\r\n\r\n          <\/div>\r\n      <\/div>\r\n                <div class=\"pagination\">\r\n              <div class=\"column one pager_wrapper\"><div class=\"pager\"><div class=\"paginations\"><a href=\"https:\/\/conexaocontabilbetim.com.br\/index.php?rest_route=%2Fwp%2Fv2%2Fpages%2F7968\" class=\"page-item active\">1<\/a><a href=\"https:\/\/conexaocontabilbetim.com.br\/index.php?rest_route=%2Fwp%2Fv2%2Fpages%2F7968&#038;paged=2\" class=\"page-item\">2<\/a><a href=\"https:\/\/conexaocontabilbetim.com.br\/index.php?rest_route=%2Fwp%2Fv2%2Fpages%2F7968&#038;paged=3\" class=\"page-item\">3<\/a><span class=\"page-item\">... <\/span><a href=\"https:\/\/conexaocontabilbetim.com.br\/index.php?rest_route=%2Fwp%2Fv2%2Fpages%2F7968&#038;paged=8\" class=\"page-item\">8<\/a><a class=\"next_page\" href=\"https:\/\/conexaocontabilbetim.com.br\/index.php?rest_route=%2Fwp%2Fv2%2Fpages%2F7968&#038;paged=2\"><i class=\"fas fa-chevron-right\"><\/i><\/a><\/div><\/div><\/div>\n          <\/div>\r\n        <\/div>\r\n  <\/div>\t\t<\/div>\n\t\t\t\t<\/div>\n\t\t\t\t\t\t<\/div>\n\t\t\t\t\t<\/div>\n\t\t<\/div>\n\t\t\t\t\t\t\t\t<\/div>\n\t\t\t\t\t<\/div>\n\t\t<\/section>\n\t\t\t\t\t\t<\/div>\n\t\t\t\t\t\t<\/div>\n\t\t\t\t\t<\/div>\n\t\t","protected":false},"excerpt":{"rendered":"<p>January 3, 2016-1 comment We Believe in Building Long Lasting our Business Relationships January 3, 2016-0 comments Digital technology internships a win for students and businesses January 3, 2016-0 comments [&hellip;]<\/p>\n","protected":false},"author":1,"featured_media":0,"parent":0,"menu_order":0,"comment_status":"closed","ping_status":"closed","template":"","meta":{"footnotes":""},"class_list":["post-7968","page","type-page","status-publish","hentry"],"_links":{"self":[{"href":"https:\/\/conexaocontabilbetim.com.br\/index.php?rest_route=\/wp\/v2\/pages\/7968","targetHints":{"allow":["GET"]}}],"collection":[{"href":"https:\/\/conexaocontabilbetim.com.br\/index.php?rest_route=\/wp\/v2\/pages"}],"about":[{"href":"https:\/\/conexaocontabilbetim.com.br\/index.php?rest_route=\/wp\/v2\/types\/page"}],"author":[{"embeddable":true,"href":"https:\/\/conexaocontabilbetim.com.br\/index.php?rest_route=\/wp\/v2\/users\/1"}],"replies":[{"embeddable":true,"href":"https:\/\/conexaocontabilbetim.com.br\/index.php?rest_route=%2Fwp%2Fv2%2Fcomments&post=7968"}],"version-history":[{"count":2,"href":"https:\/\/conexaocontabilbetim.com.br\/index.php?rest_route=\/wp\/v2\/pages\/7968\/revisions"}],"predecessor-version":[{"id":10943,"href":"https:\/\/conexaocontabilbetim.com.br\/index.php?rest_route=\/wp\/v2\/pages\/7968\/revisions\/10943"}],"wp:attachment":[{"href":"https:\/\/conexaocontabilbetim.com.br\/index.php?rest_route=%2Fwp%2Fv2%2Fmedia&parent=7968"}],"curies":[{"name":"wp","href":"https:\/\/api.w.org\/{rel}","templated":true}]}}